19, 162703
What are the prime factors of 218200?
2, 5, 1091
What are the prime factors of 483203?
7, 69029
List the prime factors of 940782.
2, 3, 156797
What are the prime factors of 3291844?
2, 67, 71, 173
List the prime factors of 1689872.
2, 31, 3407
What are the prime factors of 1314534?
2, 3, 13, 19, 887
What are the prime factors of 2497678?
2, 53, 23563
List the prime factors of 3943771.
13, 303367
What are the prime factors of 28937944?
2, 7, 17, 113, 269
What are the prime factors of 1266511?
1266511
What are the prime factors of 32420191?
32420191
List the prime factors of 7967994.
2, 3, 1327999
List the prime factors of 360257.
360257
List the prime factors of 1874957.
7, 61, 4391
What are the prime factors of 10865047?
10865047
List the prime factors of 14641309.
67, 218527
List the prime factors of 2999680.
2, 5, 43, 109
List the prime factors of 814989.
3, 7, 197
List the prime factors of 114325.
5, 17, 269
List the prime factors of 1067067.
3, 39521
What are the prime factors of 105767?
105767
List the prime factors of 586717.
337, 1741
List the prime factors of 496580.
2, 5, 7, 3547
List the prime factors of 907208.
2, 151, 751
What are the prime factors of 734167?
7, 14983
List the prime factors of 726373.
191, 3803
What are the prime factors of 650035?
5, 29, 4483
What are the prime factors of 15106525?
5, 7, 86323
What are the prime factors of 262149?
3, 87383
List the prime factors of 28052.
2, 7013
List the prime factors of 10067779.
461, 21839
What are the prime factors of 1475893?
37, 113, 353
List the prime factors of 765202.
2, 382601
What are the prime factors of 155363?
13, 17, 19, 37
List the prime factors of 109131.
3, 11, 3307
What are the prime factors of 321075?
3, 5, 1427
What are the prime factors of 21264398?
2, 47, 226217
List the prime factors of 49723.
19, 2617
What are the prime factors of 181206?
2, 3, 10067
What are the prime factors of 12655928?
2, 167, 9473
List the prime factors of 6164749.
6164749
What are the prime factors of 737942?
2, 241, 1531
What are the prime factors of 337743?
3, 7, 1787
List the prime factors of 1720212.
2, 3, 13, 11027
What are the prime factors of 828496?
2, 53, 977
List the prime factors of 390729.
3, 139, 937
What are the prime factors of 2296544?
2, 43, 1669
What are the prime factors of 4919158?
2, 2459579
What are the prime factors of 139464?
2, 3, 13, 149
List the prime factors of 2649927.
3, 7, 257, 491
What are the prime factors of 3382313?
11, 27953
List the prime factors of 503687.
101, 4987
List the prime factors of 47579.
7, 971
What are the prime factors of 964740?
2, 3, 5, 7, 2297
List the prime factors of 979240.
2, 5, 24481
What are the prime factors of 541556?
2, 135389
What are the prime factors of 13411048?
2, 7, 71, 3373
List the prime factors of 871666.
2, 59, 83, 89
What are the prime factors of 13841547?
3, 47, 89, 1103
What are the prime factors of 27016408?
2, 3377051
List the prime factors of 77848.
2, 37, 263
What are the prime factors of 887098?
2, 139, 3191
What are the prime factors of 970007?
19, 2687
What are the prime factors of 13095604?
2, 3273901
List the prime factors of 1591240.
2, 5, 7, 5683
List the prime factors of 7192283.
7, 379, 2711
List the prime factors of 2953731.
3, 11, 79, 103
What are the prime factors of 802582?
2, 11, 191
What are the prime factors of 12792211?
17, 752483
What are the prime factors of 4203109?
4203109
List the prime factors of 3895259.
823, 4733
List the prime factors of 296614.
2, 43, 3449
What are the prime factors of 1340399?
17, 37, 2131
List the prime factors of 19756299.
3, 6585433
List the prime factors of 32865.
3, 5, 7, 313
List the prime factors of 1284339.
3, 7, 8737
What are the prime factors of 48218?
2, 24109
List the prime factors of 4950662.
2, 2475331
What are the prime factors of 255992?
2, 11, 2909
List the prime factors of 4947857.
4947857
List the prime factors of 14823203.
14823203
What are the prime factors of 658782?
2, 3, 36599
List the prime factors of 2404736.
2, 18787
List the prime factors of 221421.
3, 23, 3209
List the prime factors of 6191510.
2, 5, 13, 97, 491
What are the prime factors of 9244272?
2, 3, 29, 229
List the prime factors of 166548.
2, 3, 13879
What are the prime factors of 27240156?
2, 3, 43, 17597
What are the prime factors of 6401801?
7, 130649
What are the prime factors of 521806?
2, 139, 1877
List the prime factors of 1269702.
2, 3, 7, 3359
What are the prime factors of 3892114?
2, 163, 11939
List the prime factors of 1549422.
2, 3, 7, 4099
List the prime factors of 46515.
3, 5, 7, 443
List the prime factors of 411340.
2, 5, 131, 157
What are the prime factors of 3739898?
2, 17, 29, 3793
List the prime factors of 25586562.
2, 3, 1747, 2441
What are the prime factors of 118293?
3, 7, 43, 131
What are the prime factors of 33130?
2, 5, 3313
List the prime factors of 58108.
2, 73, 199
What are the prime factors of 8142528?
2, 3, 42409
What are the prime factors of 123964?
2, 17, 1823
What are the prime factors of 1112832?
2, 3, 7, 23
List the prime factors of 307949.
101, 3049
List the prime factors of 492165.
3, 5, 10937
What are the prime factors of 1219325?
5, 17, 19, 151
What are the prime factors of 407146?
2, 23, 53, 167
List the prime factors of 167838.
2, 3, 11, 2543
List the prime factors of 299317.
299317
List the prime factors of 856552.
2, 107069
List the prime factors of 261856.
2, 7, 167
List the prime factors of 7069745.
5, 1413949
What are the prime factors of 97975?
5, 3919
What are the prime factors of 439939?
173, 2543
List the prime factors of 151898.
2, 53, 1433
What are the prime factors of 559173?
3, 186391
List the prime factors of 780972.
2, 3, 151, 431
What are the prime factors of 1208432?
2, 75527
List the prime factors of 472999.
331, 1429
List the prime factors of 13703882.
2, 101, 179, 379
List the prime factors of 1171426.
2, 19, 29, 1063
What are the prime factors of 147452?
2, 191, 193
What are the prime factors of 24388037?
24388037
List the prime factors of 62777.
11, 13, 439
List the prime factors of 214534.
2, 67, 1601
What are the prime factors of 103806?
2, 3, 73, 79
What are the prime factors of 17173352?
2, 7, 449, 683
What are the prime factors of 4688516?
2, 7, 19, 1259
What are the prime factors of 333828?
2, 3, 11, 281
What are the prime factors of 16786890?
2, 3, 5, 383, 487
List the prime factors of 571710.
2, 3, 5, 17, 19, 59
What are the prime factors of 396651?
3, 109, 1213
What are the prime factors of 172647?
3, 19183
What are the prime factors of 5108246?
2, 11, 13, 53, 337
List the prime factors of 6080126.
2, 13, 233851
What are the prime factors of 2874741?
3, 29, 173, 191
List the prime factors of 365378.
2, 13, 23, 47
What are the prime factors of 1359300?
2, 3, 5, 23, 197
What are the prime factors of 331524?
2, 3, 9209
What are the prime factors of 418129?
418129
What are the prime factors of 962245?
5, 223, 863
What are the prime factors of 318542?
2, 7, 61, 373
What are the prime factors of 8868192?
2, 3, 92377
List the prime factors of 504509.
17, 59, 503
What are the prime factors of 1427974?
2, 713987
List the prime factors of 63901.
63901
What are the prime factors of 292244?
2, 73061
What are the prime factors of 2014?
2, 19, 53
What are the prime factors of 289745?
5, 167, 347
What are the prime factors of 668390?
2, 5, 89, 751
List the prime factors of 4711076.
2, 1177769
List the prime factors of 5609966.
2, 17, 164999
List the prime factors of 440555.
5, 17, 71, 73
What are the prime factors of 1225546?
2, 7, 87539
List the prime factors of 26400510.
2, 3, 5, 293339
What are the prime factors of 3326711?
3326711
What are the prime factors of 15621520?
2, 5, 31, 6299
List the prime factors of 156453.
3, 11, 431
What are the prime factors of 205337?
11, 1697
List the prime factors of 2219372.
2, 554843
List the prime factors of 495.
3, 5, 11
What are the prime factors of 460229?
7, 11, 43, 139
What are the prime factors of 122246?
2, 19, 3217
What are the prime factors of 12064115?
5, 7, 31, 11119
What are the prime factors of 1076333?
43, 25031
What are the prime factors of 1484656?
2, 92791
What are the prime factors of 504318?
2, 3, 84053
What are the prime factors of 699282?
2, 